5 = 0. Suppose r*h + 9 = -4*g + 234, -375 = -5*h - 2*g. Let j = h - 40. What is the units digit of j?
5
Let x = 27960 + -17441. What is the units digit of x?
9
Let x(q) = 103*q**2. Suppose 3*o + 5*f - 9 = 6*f, 3*o - 5*f + 3 = 0. What is the tens digit of x(o)?
4
Suppose 4*b = j + 163168, j + 16 - 12 = 0. What is the units digit of b?
1
Suppose -8*g - 89 = 47. Let j be g + 15 - (19 - 0). What is the hundreds digit of 3 - 4590/j - 9/(-21)?
2
Suppose 32*m = 35*m - 9, 3*u + 4*m = 8490. What is the thousands digit of u?
2
What is the thousands digit of 3 + -1 + (5705 + -6)/1?
5
Suppose 18 = 3*g - 21. Suppose -2*y + 84 = 2*z, -g + 91 = 2*z - 4*y. Let v = z - 17. What is the units digit of v?
4
Suppose -15*r - 105695 = -19*r - 3*t, 3*t = 3. What is the tens digit of r?
2
Let x(r) = -151*r - 4. Let g be x(-9). Suppose l - g = 6*l. Let q = -183 - l. What is the units digit of q?
8
Let c(m) = -3*m + 6. Let g be c(2). Suppose g = -3*o - 4 + 4. Suppose -d - 4*u + 2*u = -14, -5*u = o. What is the tens digit of d?
1
What is the hundreds digit of -9 - (-51956 + 5*24/(-10))?
9
Let n = -1411 + 2408. What is the tens digit of n?
9
Let o = -26 - -24. Let r be (-6)/o + (11 - -4) + 6. Suppose -5*u = t - 430, -469 + r = -5*u + 2*t. What is the tens digit of u?
8
Let i = -127 - -131. Let p(k) = 47*k + 16. What is the hundreds digit of p(i)?
2
Let i(p) = -7*p - 288. What is the hundreds digit of i(-71)?
2
Suppose -3364*p + 3362*p - 3750 = -k, p + 7521 = 2*k. What is the thousands digit of k?
3
Let b = -1672 + 4365. What is the units digit of b?
3
What is the units digit of (-2606)/(-10) - (-78)/195?
1
Suppose 171 = -10*n - 9. Let y = -25 - n. Let i(u) = -14*u - 18. What is the tens digit of i(y)?
8
Suppose 0 = 334*q - 355*q + 297192. What is the units digit of q?
2
Let h(b) = -b**2 + 25*b - 15. Suppose -3*t + 6*t - 9 = 0. Suppose -56 = -t*d - 2. What is the units digit of h(d)?
1
What is the thousands digit of ((-123)/(-861))/(1/20783)?
2
Suppose f - 34 = -4*i, -3*f - 4 = -5*i - 21. Let j(k) = -k**2 + 21*k - 33. What is the tens digit of j(f)?
6
Let o(w) = -53*w**2 - 29*w - 28. Let l(j) = -27*j**2 - 13*j - 15. Let g(b) = -7*l(b) + 3*o(b). What is the tens digit of g(4)?
1
Let b = -103 - -103. Suppose 4*w - w = p + 4, -3*p - w + 8 = b. What is the units digit of 1 + 84 - (1 + p)?
2
Suppose 14943 = 4*c + m - 21716, -2*c - m = -18327. What is the thousands digit of c?
9
Suppose 5*b - 349 = -2*w, 3*w + 13*b - 506 = 9*b. What is the units digit of w?
2
Suppose 0 = -s - v + 5, -5*s - 2*v + 18 = 2. Suppose s*h + 4100 = 12*h. What is the tens digit of h?
1
Suppose -2*i = -5*u - 943, -4*u - 1151 - 741 = -4*i. Let b = -30 + i. What is the tens digit of b?
4
Suppose -f + 4*f = 12. Let u be (-777)/(-84) - 1/f. Suppose -4*g + 231 = 3*i, u*i + 2*g - 399 = 4*i. What is the tens digit of i?
8
Let d = -81 + 38. Let h = 70 + d. What is the tens digit of h?
2
Let y = 11739 - -14247. What is the tens digit of y?
8
Suppose 2*m = 9*m - 2338. Let x = -69 + m. What is the hundreds digit of x?
2
Suppose 1262*l = 1310*l - 566910 - 469746. What is the hundreds digit of l?
5
Let l be ((-15968)/(-128))/((-2)/8). Let o = -289 - l. What is the tens digit of o?
1
Suppose -a - 15667 = -3*p, 0 = -4*p + 4*a + 18292 + 2592. What is the thousands digit of p?
5
Let b(c) = 56*c**2 - 11*c + 9. Let x be b(1). Suppose x = g - 295. What is the hundreds digit of g?
3
Let y(h) be the third derivative of 0 + 1/6*h**5 - 7/8*h**4 + 6*h**2 - 1/2*h**3 + 0*h + 1/120*h**6. What is the hundreds digit of y(-10)?
2
Suppose 132*m - 309744 = -12*m. What is the hundreds digit of m?
1
What is the tens digit of 8 + 0 + 7989 + 7?
0
Let y be (-20)/(-25) + 62/10. What is the tens digit of ((y + -594)*-1)/1?
8
Let x = 572 + -572. Suppose 5*p + 3*q - 5070 = x, -3*p - q = -4*p + 1022. What is the units digit of p?
7
Let g(d) = 23*d**2 + 7*d - 3. Let q be g(-8). Suppose -17*b = -q + 87. What is the tens digit of b?
7
Suppose j = -4*j + 140. Let r = j - 28. Suppose y = 4*o - r*y - 25, -2*o = 2*y. What is the units digit of o?
5
Suppose -2*z + 5 = 3*w, -3*z - 10 = -2*w + 3*w. Suppose -2*r + w*r + 186 = 0. Let j = 128 + r. What is the units digit of j?
6
What is the hundreds digit of 1 + 0 + 49/(-7) - -964?
9
What is the units digit of (6232/(-12))/((-18)/27)?
9
Suppose -3*b - 1076 = -b. Let t = b - -1296. What is the hundreds digit of t?
7
Let d = 98 + -76. Let l(z) = 9 - 6 + d*z + 13 + 15. What is the units digit of l(8)?
7
Let x be (30/20)/(3/28). What is the units digit of (39/(-9))/(x/(-1218))?
7
Let w(o) = 74776*o**2 - 44*o + 39. What is the units digit of w(1)?
1
Let h = 37819 + -15179. Suppose h = -127*n + 147*n. What is the hundreds digit of n?
1
Suppose 2*m - c = 19 + 38, -4*m - 3*c + 129 = 0. Suppose -31*k + 280 = -m*k. What is the units digit of k?
0
Let r be ((-4)/(-6))/(2 + (-16)/9). Suppose 0 = -4*h + 17 + r, 3*z - 200 = 2*h. What is the tens digit of z?
7
Let b be 3/(4/(24836/(-21))). Let v = -562 - b. What is the units digit of v?
5
Suppose 3*q = -n - 4*n + 52, 2*q + 24 = 4*n. Suppose 25 = 3*l - n*l, -l + 547 = -2*g. Let w = 457 + g. What is the units digit of w?
1
Let j be 3/4 - (221/(-4) - 6). Suppose j = 4*q + 2*c, 3*c = 5*q + 2*c - 88. Suppose -13*h + q*h = 16. What is the units digit of h?
4
Suppose 2*r + a = 14287, 5*r + 14*a - 11*a - 35715 = 0. What is the hundreds digit of r?
1
Let g be (3/((-6)/8) + -4)*1. What is the units digit of (-13)/(52/g) - -94?
6
Let b(g) = 52*g - 360. Let f be b(7). Suppose -t = -2*t - j + 1076, f*j = -3*t + 3227. What is the thousands digit of t?
1
Let s be ((-8)/(-14) - 204/210)*-10. Suppose -y = -t - 392, s*t = -5*y + 6*y - 380. What is the tens digit of y?
9
Suppose 1 = -q + i - 2, 21 = q + 5*i. Let x be (q/(6/16))/(6/9). Let a = 21 + x. What is the tens digit of a?
2
Let m(s) = s**2 + 2*s - 20. Let c be m(-6). Suppose c*t + 5166 = 18*t. What is the units digit of t?
9
Let i be (1 - (3 - 0)) + 6. Suppose -i*h = 14*h - 378. What is the tens digit of h?
2
Let w(k) = -79*k + 10. Let n(m) = m**3 - 8*m**2 - 8. Let q be n(8). Let v be w(q). Suppose -5*f = -v - 208. What is the units digit of f?
0
Let f = -2674 - -9693. What is the hundreds digit of f?
0
Suppose 0 = -10*x + 46085 + 228475. What is the thousands digit of x?
7
Let n = -1066 + 413. Let r = n - -1898. What is the hundreds digit of r?
2
Suppose -4*i = -14746 - 15570. What is the units digit of i?
9
Suppose 0 = -363*s + 378*s - 295635. What is the hundreds digit of s?
7
Suppose -4*r = 2*p + r + 13, -4*p + 34 = -2*r. Suppose 0 = p*f - 7 - 5. Suppose -2*s + 204 = f*c - 0*c, -4*s + 399 = -5*c. What is the hundreds digit of s?
1
What is the thousands digit of (18101 - (-2 - -1 - -2)) + -299 + 295?
8
Suppose -2*h - 5*z = h - 10764, -5*z - 14317 = -4*h. What is the hundreds digit of h?
5
Suppose 53*l = 33*l - 216*l + 3844440. What is the hundreds digit of l?
2
Let n(h) = -h**3 + 5*h**2 - h - 6. Let j(l) = -l**3 + 10*l**2 + 11*l + 4. Let k be j(11). Let y be n(k). Let u = y + 10. What is the units digit of u?
6
Let h(d) = 6*d**3 - d**2 + 3*d + 2. Suppose -c + 10 = -2*p - 0*c, -5*p + 2*c - 23 = 0. Let z be (p/(-9))/(3/27). What is the hundreds digit of h(z)?
1
Suppose -2*l = 0, 5*l - 7704 - 9177 = -2*h + 3059. What is the hundreds digit of h?
9
Suppose -65*r + 0*r = 61*r - 958986. What is the hundreds digit of r?
6
Let r = -165 + 167. Suppose -5*z = -5*y - r*z + 1683, -2 = 2*z. What is the units digit of y?
6
Let a be 248/93 - (1 + (-8)/6). Suppose 0 = 4*w + 4, -2*b + a*b = -2*w. What is the units digit of b/(-5)*(-1)/(2/640)?
8
Let p(z) = -1096*z + 526. What is the thousands digit of p(-2)?
2
Let v = 6271 - -2821. What is the hundreds digit of v?
0
Suppose 8*u + l - 437 = 3*u, u = 3*l + 81. Suppose -2*c + 14 = a - 24, -4*a + 5*c + u = 0. What is the units digit of a?
8
Let t = 95262 + -67274. What is the units digit of t?
8
Let t(v) be the second derivative of v**4/12 + 7*v**3/6 - 7*v**2/2 + 11*v. Let j be t(-9). Suppose 15*l - 288 = j*l. What is the units digit of l?
2
Suppose 3*o + 485 = -5*c, 732 = -5*o + 4*c - 64. Let i be (o/6)/(22/(-132)). Let r = i - 58. What is the hundreds digit of r?
1
Let k(u) = -u**2 + 1. Let f(v) = 4*v**3 - 2*v**2 - 9*v + 3. Let p(s) = -f(s) + 3*k(s). What is the hundreds digit of p(-4)?
2
Suppose -